{"id":150,"date":"2019-08-01T20:24:36","date_gmt":"2019-08-01T20:24:36","guid":{"rendered":"http:\/\/mbsr-janinaegert.de\/?page_id=150"},"modified":"2019-08-01T20:27:23","modified_gmt":"2019-08-01T20:27:23","slug":"datenschutz","status":"publish","type":"page","link":"http:\/\/mbsr-janinaegert.de\/?page_id=150","title":{"rendered":"Datenschutz"},"content":{"rendered":"\n<p><br>Die Nutzung meiner Webseite ist ohne Angabe personenbezogener Daten m\u00f6glich.          <br>         <br>Ich weisen darauf hin, dass die Daten\u00fcbertragung im Internet (z.B. bei          der Kommunikation per E-Mail) Sicherheitsl\u00fccken aufweisen kann. Ein l\u00fcckenloser Schutz der Daten vor dem Zugriff durch Dritte ist nicht m\u00f6glich. <br>         <br><strong>Cookies <\/strong><br>Wenn Sie auf unsere Website zugreifen, werden automatisch mittels eines          Cookies Informationen allgemeiner Natur erfasst. Diese Informationen (Server-Logfiles) beinhalten etwa die Art des Webbrowsers, das verwendete Betriebssystem, den Domainnamen Ihres Internet-Service-Providers und \u00e4hnliches. Hierbei  handelt es sich ausschlie\u00dflich um Informationen, welche keine R\u00fcckschl\u00fcsse auf Ihre Person zulassen. Diese Informationen sind technisch notwendig, um von Ihnen angeforderte Inhalte von Webseiten korrekt auszuliefern und fallen bei Nutzung des Internets zwingend an. Sie werden insbesondere zu folgenden Zwecken verarbeitet: &#8211; Sicherstellung eines problemlosen Verbindungsaufbaus der Website, &#8211; Sicherstellung einer reibungslosen Nutzung unserer Website, &#8211; Auswertung der Systemsicherheit und -stabilit\u00e4t sowiezu weiteren administrativen Zwecken. <br>         <br>Die Verarbeitung Ihrer personenbezogenen Daten basiert auf meinem berechtigten Interesse aus den vorgenannten Zwecken zur Datenerhebung. Ich verwende Ihre Daten nicht, um R\u00fcckschl\u00fcsse auf Ihre Person zu ziehen. Empf\u00e4nger der Daten sind nur die verantwortliche Stelle und ggf. Auftragsverarbeiter.<\/p>\n\n\n\n<p><strong>Widerspruch gegen Werbe-Mails <\/strong><br>Der Nutzung von im Rahmen der Impressumspflicht ver\u00f6ffentlichten Kontaktdaten durch Dritte zur \u00dcbersendung von nicht ausdr\u00fccklich angeforderter Werbung und Informationsmaterialien wird hiermit ausdr\u00fccklich widersprochen. Die Betreiberin der Seiten behalten sich ausdr\u00fccklich rechtliche Schritte im Falle der unverlangten Zusendung von Werbeinformationen, etwa durch Spam-Mails, vor.<br>         <br><strong>Newsletter<\/strong><br>F\u00fcr das Erstellen, den Versand und die statistische Analyse meines          Newsletters verwende ich die Software von Mailchimp. Mailchimp (The Rocket Science Group, LLC, 675 Ponce de Leon Ave NE, Suite 5000. Atlanta, GA 30308 USA) wurde hierf\u00fcr von uns als Dienstleister beauftragt. Ihre Daten werden nur bei Mailchimp gespeichert. Statistische Analysen (\u00d6ffnungsrate und Klickzahlen) erfolgen ausschlie\u00dflich anonymisiert. Die Einwilligung zur Speicherung Ihrer pers\u00f6nlichen Daten und ihrer Nutzung f\u00fcr den Newsletterversand k\u00f6nnen Sie jederzeit widerrufen. In jedem Newsletter findet sich dazu ganz unten am Fu\u00df der Seite ein entsprechender Link (\u201eNewsletter abbestellen\u201c).          Genehmigungsbedingungen von MailChimp: Ihre E-Mail-Adresse wird in meinem MailChimp-Konto gespeichert, da MailChimp mein Tool f\u00fcr den Newsletter-Versand ist. <br>Hier sind die <a href=\"https:\/\/mailchimp.com\/legal\/privacy\/\">Datenschutzerkl\u00e4rung<\/a>  von MailChimp sowie die <a href=\"https:\/\/mailchimp.com\/legal\/terms\/\">Nutzungsbedingungen.<\/a>        <\/p>\n\n\n<p><!--EndFragment--><\/p>","protected":false},"excerpt":{"rendered":"<p>Die Nutzung meiner Webseite ist ohne Angabe personenbezogener Daten m\u00f6glich. Ich weisen darauf hin, dass die Daten\u00fcbertragung im Internet (z.B. &hellip; <\/p>\n<p><a href=\"http:\/\/mbsr-janinaegert.de\/?page_id=150\" class=\"more-link\">Weiterlesen<\/a><\/p>\n","protected":false},"author":1,"featured_media":0,"parent":0,"menu_order":0,"comment_status":"closed","ping_status":"closed","template":"","meta":[],"_links":{"self":[{"href":"http:\/\/mbsr-janinaegert.de\/index.php?rest_route=\/wp\/v2\/pages\/150"}],"collection":[{"href":"http:\/\/mbsr-janinaegert.de\/index.php?rest_route=\/wp\/v2\/pages"}],"about":[{"href":"http:\/\/mbsr-janinaegert.de\/index.php?rest_route=\/wp\/v2\/types\/page"}],"author":[{"embeddable":true,"href":"http:\/\/mbsr-janinaegert.de\/index.php?rest_route=\/wp\/v2\/users\/1"}],"replies":[{"embeddable":true,"href":"http:\/\/mbsr-janinaegert.de\/index.php?rest_route=%2Fwp%2Fv2%2Fcomments&post=150"}],"version-history":[{"count":3,"href":"http:\/\/mbsr-janinaegert.de\/index.php?rest_route=\/wp\/v2\/pages\/150\/revisions"}],"predecessor-version":[{"id":154,"href":"http:\/\/mbsr-janinaegert.de\/index.php?rest_route=\/wp\/v2\/pages\/150\/revisions\/154"}],"wp:attachment":[{"href":"http:\/\/mbsr-janinaegert.de\/index.php?rest_route=%2Fwp%2Fv2%2Fmedia&parent=150"}],"curies":[{"name":"wp","href":"https:\/\/api.w.org\/{rel}","templated":true}]}}